1322020030103
In base 15, what is c63c + -33b?
c301
In base 10, what is -1247 + 22190?
20943
In base 14, what is 1 - 4cbaba?
-4cbab9
In base 11, what is -226 - -2643?
2418
In base 8, what is -16571 + -1537?
-20330
In base 16, what is 0 + 4ca5b6?
4ca5b6
In base 4, what is -131 + -220032312?
-220033103
In base 11, what is 37a55 + -414?
37641
In base 10, what is -5968 + -629?
-6597
In base 7, what is 10210423 - -231?
10210654
In base 8, what is 173332 - -41671?
235223
In base 16, what is 1fb3dd - -4?
1fb3e1
In base 15, what is -1eae + -21e5?
-41a4
In base 11, what is -12 - -96998?
96986
In base 2, what is -1110101000101000110011000 - -101?
-1110101000101000110010011
In base 7, what is 15605110 - -3?
15605113
In base 7, what is 15 - 421456?
-421441
In base 14, what is -18b0 - 1507?
-2db7
In base 11, what is 40572 + -28?
40545
In base 2, what is 100001011 - 100110101011100011?
-100110100111011000
In base 14, what is -2435 + -360c?
-5a43
In base 3, what is 1211202 + 10200001210?
10201220112
In base 7, what is 10 - -16564215?
16564225
In base 8, what is 0 + 42345577?
42345577
In base 5, what is -122141014 - -31?
-122140433
In base 13, what is -160aa3b - 1?
-160aa3c
In base 8, what is 10 + 1637651?
1637661
In base 12, what is -45155294 + 3?
-45155291
In base 6, what is 31534 - 20150?
11344
In base 2, what is -11 - -111001000001000001101?
111001000001000001010
In base 15, what is 4300e6 + -40?
4300a6
In base 7, what is 614230 + 30?
614260
In base 9, what is -375 + -3535?
-4021
In base 5, what is 313 + -301242?
-300424
In base 13, what is -7083b9 + -111?
-7084ca
In base 6, what is 2201303313 - 2?
2201303311
In base 15, what is -e1da44 + 4?
-e1da40
In base 2, what is -1100010110001001100000 + -110110?
-1100010110001010010110
In base 5, what is 20200400311 + -13?
20200400243
In base 7, what is -11164 - 5205?
-16402
In base 2, what is 101111000101010000110 + 10?
101111000101010001000
In base 6, what is 211232324 + -14?
211232310
In base 15, what is 5ea41 + 7?
5ea48
In base 12, what is -18a5a46 - 34?
-18a5a7a
In base 3, what is 0 - -102212121020?
102212121020
In base 16, what is 4 + -47498a?
-474986
In base 14, what is 1 - -33d3518?
33d3519
In base 14, what is 1140 + ac9?
1c29
In base 4, what is -303003313312 + -2?
-303003313320
In base 11, what is 1204076 + -1a9?
1203978
In base 4, what is -11 - 11310202312?
-11310202323
In base 10, what is -999318313 + 1?
-999318312
In base 9, what is 0 + 166407280?
166407280
In base 13, what is 30250 + -867?
2c6b6
In base 16, what is 2a6af2 - 4?
2a6aee
In base 2, what is 110010011111110100 - -1001111?
110010100001000011
In base 8, what is 41 - 2054630?
-2054567
In base 5, what is 431 + -210044302?
-210043321
In base 11, what is -23647210 + -4?
-23647214
In base 4, what is 12130030330 + 22?
12130031012
In base 4, what is -22 - 1002110302?
-1002110330
In base 13, what is -10c442 + 8?
-10c437
In base 5, what is 102 - -2220042304?
2220042411
In base 6, what is -4 + -3302234?
-3302242
In base 16, what is 4 - f04b7e?
-f04b7a
In base 6, what is 2535510 - 311?
2535155
In base 8, what is 12146342 + 6?
12146350
In base 15, what is 1cac4b8 - 1?
1cac4b7
In base 12, what is 3 - -267487?
26748a
In base 9, what is 233103 - -5?
233108
In base 9, what is 3 + 1413100?
1413103
In base 6, what is 545034515 + 12?
545034531
In base 8, what is -65106 - 16226?
-103334
In base 12, what is b32a4 - -423?
b3707
In base 11, what is 2 - -13756228?
1375622a
In base 14, what is -22 - -137c37?
137c15
In base 16, what is -5 + -6b3a4?
-6b3a9
In base 15, what is -58d1 + -1e2?
-5ac3
In base 3, what is -110 - -1212200022212001?
1212200022211121
In base 2, what is 100001 + 100000101111001011?
100000101111101100
In base 4, what is -202322311 + -10202?
-202333113
In base 10, what is 88 + -4148477?
-4148389
In base 12, what is 1 - 29b18604?
-29b18603
In base 14, what is 25701 + 762?
26063
In base 7, what is -4 - -452645103?
452645066
In base 3, what is 1122 + -20221201021?
-20221122122
In base 10, what is -185279317 + -2?
-185279319
In base 2, what is 100010 - 10101010001111101110110101?
-10101010001111101110010011
In base 7, what is 16560025 - -56?
16560114
In base 13, what is -80 - -698b72?
698ac2
In base 13, what is -2 - -182850?
18284b
In base 7, what is -6 + -254105051?
-254105060
In base 16, what is -1c88 - dac?
-2a34
In base 7, what is -5 + -402363521?
-402363526
In base 7, what is 261032 - -105?
261140
In base 2, what is 11010111001100100100011100 - 0?
11010111001100100100011100
In base 11, what is -1069359a + 3?
-10693597
In base 6, what is 512052113 + -50?
512052023
In base 8, what is 533 + 262021?
262554
In base 12, what is 67 - -23531?
23598
In base 13, what is 124 - -31b3?
3307
In base 11, what is 1079924a + -7?
10799243
In base 6, what is -12 + 305232405?
305232353
In base 6, what is 353435040 - -23?
353435103
In base 8, what is -407 + -646401?
-647010
In base 4, what is -103212012331 + 112?
-103212012213
In base 4, what is 21212020331003 - 0?
21212020331003
In base 8, what is -122 - 1454440?
-1454562
In base 4, what is -2 + 20130013202?
20130013200
In base 3, what is -120120000221120121 + -1?
-120120000221120122
In base 11, what is -977a - -53?
-9727
In base 10, what is -5 + -8689091?
-8689096
In base 11, what is 1566883 + 3?
1566886
In base 7, what is -6301 + -1054?
-10355
In base 15, what is -eed591 + 5?
-eed58b
In base 11, what is -454 - 4a266?
-4a70a
In base 12, what is -1 - -1112715?
1112714
In base 14, what is -a317 + 2d1?
-a026
In base 3, what is -110221112001202 + -12?
-110221112001221
In base 5, what is 3420 - 23011414?
-23002444
In base 5, what is -202132303410 - -1?
-202132303404
In base 11, what is -2242 + -65098?
-6732a
In base 10, what is 262 - -318?
580
In base 5, what is -1103021203100 + 0?
-1103021203100
In base 12, what is 657377 + 5?
657380
In base 13, what is -c4432 + c7?
-c4338
In base 12, what is -3b - -33a46?
33a07
In base 12, what is 3 - 7132b8a9?
-7132b8a6
In base 16, what is 55d643 + -22?
55d621
In base 5, what is 3 + -4432020204?
-4432020201
In base 14, what is 1ca + 6acc?
6cb8
In base 5, what is 14034 - -2240411?
2310000
In base 11, what is -a + -273462a?
-2734639
In base 8, what is -261 - 262562?
-263043
In base 15, what is -35730e + 0?
-35730e
In base 10, what is -7 - 1319973?
-1319980
In base 5, what is -2 + -12214340311?
-12214340313
In base 6, what is 421 + 43212555?
43213420
In base 10, what is 1569280 + 72?
1569352
In base 7, what is 63344 + 1464?
65141
In base 16, what is -2 + f8fa1?
f8f9f
In base 6, what is -12134 + 220415?
204241
In base 12, what is 8350 - 1365?
6ba7
In base 11, what is 1a + -77a8268?
-77a8249
In base 5, what is 2120 - 2103001?
-2100331
In base 5, what is 1342202131 - 4?
1342202122
In base 11, what is 2071 + 3742?
5803
In base 14, what is 2 + -42b6b3?
-42b6b1
In base 10, what is 113 + -675?
-562
In base 13, what is -b552 + 584?
-ac9b
In base 9, what is -5 + -10855365?
-10855371
In base 5, what is -44043140 - -142?
-44042443
In base 16, what is 2b + -39a5d9?
-39a5ae
In base 13, what is 21 + -43043ba?
-4304399
In base 15, what is -8 + 8c629?
8c621
In base 12, what is -374a + -5?
-3753
In base 9, what is 60 - -37366083?
37366153
In base 10, what is 619234839 + 1?
619234840
In base 13, what is -6a09ca + -5?
-6a0a02
In base 3, what is -10021100212 + -1002?
-10021101221
In base 6, what is -4113104 - -14340?
-4054324
In base 8, what is -1 - -1737674?
1737673
In base 4, what is -102000 - -120313130?
120211130
In base 8, what is -15371714 + 503?
-15371211
In base 14, what is -85b - -a7ab?
9d50
In base 11, what is 1 + -1816554?
-1816553
In base 9, what is -18532028 + -6?
-18532035
In base 7, what is 100 - -155204?
155304
In base 7, what is 2 + 545064?
545066
In base 5, what is -34 - 20241034232?
-20241034321
In base 15, what is 38 + 11e8b?
11ec4
In base 9, what is -222231 + 172?
-222048
In base 5, what is 242 + 21212023?
21212320
In base 7, what is 1 - 33240356?
-33240355
In base 3, what is 10220 + -20210011212?
-20210000222
In base 16, what is c6f + -3de3?
-3174
In base 8, what is 540330 - -31?
540361
In base 8, what is -776277 - 330?
-776627
In base 4, what is 3 - -20311120131?
20311120200
In base 4, what is 10320002 - 2223233?
2030103
In base 11, what is 2a04 + 12aa?
4203
In base 7, what is -24 